0002 a multiple of 22?
True
Does 11 divide 158150?
False
Is 3477628 a multiple of 14?
True
Is 11136 a multiple of 7?
False
Is 16 a factor of 123830?
False
Does 115 divide 944840?
True
Does 33 divide 432168?
True
Is 3005926 a multiple of 77?
True
Is 293 a factor of 1759758?
True
Is 1034658 a multiple of 1223?
True
Is 12 a factor of 6714986?
False
Is 16790 a multiple of 10?
True
Is 5263050 a multiple of 220?
False
Does 7 divide 5688366?
False
Does 143 divide 5805243?
False
Is 41 a factor of 22120?
False
Is 40011 even?
False
Does 27 divide 35127?
True
Is 35 a factor of 129959?
False
Is 10 a factor of 187950?
True
Is 22 a factor of 120202?
False
Is 5134428 a multiple of 351?
True
Does 7 divide 280602?
True
Does 15 divide 619459?
False
Is 11020194 a multiple of 704?
False
Does 803 divide 309958?
True
Is 10 a factor of 854199?
False
Does 383 divide 1441508?
False
Is 12 a factor of 83175?
False
Is 350890 a multiple of 13?
False
Does 308 divide 44044?
True
Is 11 a factor of 102938?
True
Does 161 divide 125580?
True
Is 289137 a multiple of 22?
False
Does 314 divide 153365?
False
Is 329680 a multiple of 14?
False
Does 35 divide 376640?
False
Is 233898 a multiple of 560?
False
Does 47 divide 34878?
False
Is 7 a factor of 8330?
True
Is 10425 a multiple of 6?
False
Is 21 a factor of 827232?
True
Is 212058 a multiple of 154?
True
Does 1736 divide 9015484?
False
Does 12 divide 137079?
False
Does 56 divide 39480?
True
Is 14 a factor of 7089908?
True
Is 240876 a multiple of 36?
True
Does 346 divide 446690?
False
Does 3 divide 66036?
True
Is 224 a factor of 223552?
True
Is 515 a factor of 292407?
False
Is 9997911 a multiple of 76?
False
Is 621595 a multiple of 13?
True
Is 17089 a multiple of 23?
True
Is 28 a factor of 7018414?
False
Does 1373 divide 1699774?
True
Is 57 a factor of 158745?
True
Is 18 a factor of 1151257?
False
Is 60 a factor of 636540?
True
Is 286 a factor of 123266?
True
Is 10 a factor of 994510?
True
Is 102802 a multiple of 21?
False
Does 48 divide 376608?
True
Does 13 divide 579277?
False
Is 54 a factor of 94277?
False
Is 39 a factor of 1014?
True
Is 211 a factor of 149599?
True
Does 25 divide 7766098?
False
Does 21 divide 138645?
False
Is 17 a factor of 654687?
True
Is 157 a factor of 546046?
True
Does 15 divide 335280?
True
Does 41 divide 993471?
True
Is 26 a factor of 133739?
False
Does 12 divide 958762?
False
Does 35 divide 35327686?
False
Is 411 a factor of 4535385?
True
Is 69056 a multiple of 120?
False
Is 56 a factor of 24996272?
True
Is 317394 a multiple of 63?
True
Is 111474 a multiple of 33?
True
Is 41328 a multiple of 28?
True
Does 8 divide 97077?
False
Is 41438 a multiple of 2?
True
Does 316 divide 402584?
True
Is 874770 a multiple of 16?
False
Is 835 a factor of 582494?
False
Does 10 divide 1676920?
True
Is 949 a factor of 6974201?
True
Is 2917463 a multiple of 57?
False
Does 83 divide 168737?
False
Does 67 divide 1740030?
False
Is 1025200 a multiple of 456?
False
Does 46 divide 1150354?
False
Is 1835435 a multiple of 311?
False
Does 136 divide 20130720?
True
Is 2492370 a multiple of 9?
True
Is 48 a factor of 1892016?
True
Does 34 divide 1507016?
True
Does 7 divide 105567?
True
Does 5 divide 5911275?
True
Is 59 a factor of 968673?
False
Does 64 divide 1409600?
True
Is 47 a factor of 665562?
False
Does 53 divide 638095?
False
Is 223744 a multiple of 512?
True
Does 531 divide 1431576?
True
Is 751 a factor of 6094986?
False
Is 81 a factor of 254840?
False
Is 417 a factor of 1682178?
True
Is 65 a factor of 189215?
True
Does 3 divide 2020580?
False
Is 3 a factor of 19689?
True
Is 345 a factor of 50715?
True
Is 782600 a multiple of 130?
True
Is 8 a factor of 26665?
False
Is 100801 a multiple of 308?
False
Does 90 divide 146672?
False
Does 2067 divide 3964506?
True
Is 9 a factor of 484887?
False
Is 20 a factor of 7593433?
False
Does 32 divide 4667253?
False
Is 44 a factor of 1685860?
True
Is 1361521 a multiple of 1448?
False
Is 618110 a multiple of 13?
False
Does 6 divide 17344?
False
Does 11 divide 47347?
False
Does 54 divide 215183?
False
Is 33120 a multiple of 40?
True
Is 235 a factor of 74600?
False
Is 167993 a multiple of 6?
False
Does 4 divide 493224?
True
Does 16 divide 8881?
False
Is 1034880 a multiple of 528?
True
Is 743 a factor of 5121093?
False
Is 2038880 a multiple of 20?
True
Is 701 a factor of 573681?
False
Does 281 divide 19604807?
False
Does 9 divide 48191?
False
Is 4 a factor of 695442?
False
Is 182 a factor of 1919736?
True
Does 232 divide 488360?
True
Is 6 a factor of 203922?
True
Is 95 a factor of 81425?
False
Is 9 a factor of 411678?
True
Is 96501 a multiple of 16?
False
Is 174 a factor of 4210626?
True
Is 7711003 a multiple of 43?
False
Does 5 divide 211590?
True
Is 672 a factor of 547680?
True
Is 330600 a multiple of 456?
True
Is 63 a factor of 232722?
True
Does 978 divide 29106?
False
Does 455 divide 268905?
True
Does 19 divide 368923?
True
Does 226 divide 405002?
False
Is 316 a factor of 1153716?
True
Does 6 divide 616634?
False
Does 14 divide 10464366?
False
Is 11400 a multiple of 6?
True
Is 5635483 a multiple of 71?
True
Is 158 a factor of 151364?
True
Is 13844538 a multiple of 62?
True
Does 35 divide 146125?
True
Is 5 a factor of 19969?
False
Does 12 divide 6589466?
False
Does 95 divide 455240?
True
Is 77 a factor of 12168772?
True
Is 494031 a multiple of 13?
False
Is 51 a factor of 105687?
False
Is 8148 a multiple of 291?
True
Does 12 divide 1873982?
False
Is 76558 a multiple of 4?
False
Is 540242 a multiple of 15?
False
Is 42985 a multiple of 11?
False
Is 810 a factor of 386370?
True
Is 26 a factor of 156290?
False
Does 20 divide 325340?
True
Is 12018379 a multiple of 197?
True
Is 1831714 a multiple of 43?
True
Is 48885 a multiple of 3?
True
Is 1853160 a multiple of 155?
False
Is 12 a factor of 2952?
True
Is 38525 a multiple of 335?
True
Is 42933 a multiple of 33?
True
Is 19 a factor of 73112?
True
Is 57 a factor of 491323?
False
Does 2257 divide 14061110?
True
Is 27 a factor of 83322?
True
Is 1673 a factor of 4505389?
True
Does 202 divide 105343?
False
Does 15 divide 146255?
False
Does 4 divide 359101?
False
Is 19 a factor of 21584?
True
Is 383680 a multiple of 436?
True
Is 9137619 a multiple of 51?
True
Is 7 a factor of 17584?
True
Is 63 a factor of 14175252?
True
Is 92 a factor of 507786?
False
Does 123 divide 1273788?
True
Does 348 divide 3751061?
False
Does 272 divide 3759827?
False
Does 202 divide 1429166?
False
Does 190 divide 195933?
False
Is 11206 a multiple of 2?
True
Is 375 a factor of 1645500?
True
Does 32 divide 788983?
False
Is 21943035 a multiple of 333?
True
Does 128 divide 3799165?
False
Is 241043 a multiple of 43?
False
Does 807 divide 2662293?
True
Does 1355 divide 13971218?
False
Does 40 divide 3440?
True
Is 246046 a multiple of 13?
False
Is 7 a factor of 5042655?
False
Is 3 a factor of 1076199?
True
Is 30 a factor of 218654?
False
Is 20112328 a multiple of 12?
False
Is 1500460 a multiple of 58?
True
Is 118 a factor of 1149566?
False
Is 2565980 a multiple of 53?
False
Is 12 a factor of 177429?
False
Is 1444550 a multiple of 346?
True
Is 249184 a multiple of 25?
False
Does 76 divide 947833?
False
Is 379561 a multiple of 13?
True
Is 23 a factor of 782690?
True
Is 19290966 a multiple of 765?
False
Does 92 divide 170568?
True
Is 70897 a multiple of 62?
False
Is 10 a factor of 995533?
False
Is 2733860 a multiple of 322?
False
Does 151 divide 185794?
False
Is 6 a factor of 2403539?
False
Is 58 a factor of 1223160?
False
Is 11 a factor of 282777?
True
Does 627 divide 15289395?
True
Is 13 a factor of 519181?
True
Does 16 divide 13510?
False
Is 441 a factor of 438840?
False
Is 103 a factor of 677937?
False
Is 72 a factor of 101088?
True
Does 79 divide 120098?
False
Is 5770362 a multiple of 377?
True
Is 26 a factor of 1991704?
True
Is 40 a factor of 539250?
False
Does 329 divide 23688?
True
Is 32 a factor of 285696?
True
Is 31410528 a multiple of 109?
False
Is 92 a factor of 61374?
False
Is 1167526 a multiple of 391?
True
Is 435680 a multiple of 25?
False
Is 2 a factor of 41257?
False
Does 373 divide 1509464?
False
Is 134 a factor of 573529?
False
Is 787818 a multiple of 7?
False
Is 35 a factor of 855025?
False
Is 1573300 a multiple of 100?
True
Is 70252 a multiple of 26?
True
Is 154 a facto